*w - 3*l + 2*l = -409, 86 = w - n*l. What are the prime factors of w?
2, 41
Let a be (-54)/(-126) + (-106)/(-14). Suppose -a*r - 365 = -13*r. What are the prime factors of r?
73
Let i = -1576 + 1858. Let m = -326 - -144. Let w = i + m. What are the prime factors of w?
2, 5
Let s = 5 - 5. Suppose -13*l + 16*l - 1665 = 0. Suppose 5*g = -5*x + l, s = -4*x + 8*x - g - 464. List the prime factors of x.
5, 23
What are the prime factors of 16457*3*(0 + -14 - 1672/(-114))?
2, 7, 2351
Let f be -16 + 3 + -5 + 1. Let c = f + 17. What are the prime factors of c - -69 - (-1 + -2)?
2, 3
Let s = 1649 - 1057. List the prime factors of s.
2, 37
Let c = 259 - 255. Suppose -c*t + 1766 = -3*u, -1321 = -3*t - 0*u + 4*u. List the prime factors of t.
443
Suppose -16 = -4*n, -j + 29*n = 25*n + 11. Suppose -4 = -2*b, 282 + 7 = j*z - 3*b. List the prime factors of z.
59
Suppose 3*w + 5*n = 119, -w + 2*n + 13 + 23 = 0. Suppose w*v + 234 = 40*v. What are the prime factors of v?
3, 13
Suppose 543*f = 132*f + 18934770. What are the prime factors of f?
2, 5, 17, 271
Suppose -4*g + 2*z = -1 - 5, -5*g - 3*z + 24 = 0. Suppose g*j + 16*j = 6650. What are the prime factors of j?
2, 5, 7
Let c(y) = y**3 + 29*y**2 + 30*y + 57. Let j be c(-28). List the prime factors of 418 + j - (-24)/(-12).
3, 139
Let j(z) = -11*z + 6. Suppose -328 - 92 = -5*n. Let v = 81 - n. List the prime factors of j(v).
3, 13
Suppose 7*g - 48 = -160. What are the prime factors of g/((-640)/(-24)) - 2406/(-10)?
2, 3, 5
List the prime factors of -6 - -30468 - (5/3)/(13/(-39)).
30467
Suppose 118133 = 8*t + q, -3*q + 52738 = 3*t + 8446. List the prime factors of t.
14767
Let s(o) = -30*o + 37. Suppose -7*k + 24 - 59 = 0. What are the prime factors of s(k)?
11, 17
Suppose 628144 = 19*r + 144328. List the prime factors of r.
2, 3, 1061
List the prime factors of ((-436215)/325)/(2/(-30)).
3, 2237
Let l(b) = 11*b**2 - 12*b - 21. Let j be l(-7). Suppose -5*f = j - 1892. Suppose -3*v + f = 3*t, -4*v + 4*t + 421 = v. List the prime factors of v.
5, 17
Suppose 3*u - 2*u - 2 = 0. Let r = 1080 + -963. Suppose -r = -u*p + 69. List the prime factors of p.
3, 31
Suppose -4*k - 3*z + 133923 = 0, 4*k - 21590 - 112354 = 4*z. What are the prime factors of k?
3, 11161
Suppose 8*p + 2*p + 90 = 0. Let k(r) = r**2 + 9*r + 5. Let g be k(p). Suppose w + 2*i - 251 = 0, 0 = g*w + 4*i - 7*i - 1281. What are the prime factors of w?
3, 5, 17
Suppose -3 = -u + 31. Suppose u*m = 29*m + 1250. What are the prime factors of m?
2, 5
Let x = -34 + 59. Suppose -4*a + 22185 = x*a. What are the prime factors of a?
3, 5, 17
Let h(l) = 691*l - 14. What are the prime factors of h(13)?
8969
Let u(t) = 1371*t**2 - 4*t - 1. Let v be u(-1). Suppose y - 1120 = -2*m, 292 + v = 3*m + 5*y. What are the prime factors of m?
2, 281
Let u = 3573 + 2940. What are the prime factors of u?
3, 13, 167
Let t(n) = -n + 20. Let z be t(-8). List the prime factors of 3*100 + 140/z.
5, 61
Suppose 4*d + 8203 = 17*d. Let s = 1223 - d. List the prime factors of s.
2, 37
Let m = 216 + -210. Suppose m*b + 10 = 256. List the prime factors of b.
41
Suppose 0 = 53*x - 120340 - 164058. What are the prime factors of x?
2, 2683
Let i be (4 - (35 - 1)*-1)*1. Suppose -i*y + 40*y = -402. Let l = 414 + y. What are the prime factors of l?
3, 71
Let w(i) = i**3 + 0 - 16*i**3 - 13*i**2 + 33 + 16*i**3 + 4*i. List the prime factors of w(15).
3, 181
Let d(w) = 2*w + 39. Let r(o) = o**2 + 10*o + 3. Let x be r(-7). Let m be d(x). Suppose 2*g + 6*c - c - 87 = 0, m*c = -g + 43. What are the prime factors of g?
2, 23
Let t = 889 + -884. Suppose -293 = -t*b + 557. What are the prime factors of b?
2, 5, 17
Suppose 4*w = 2*n - 80, 3*n = 4*w + 52 + 66. Suppose 0 = -n*t + 21227 - 4545. What are the prime factors of t?
439
Let l(t) = -1036*t + 199. Let u(o) = -207*o + 40. Let j(n) = 2*l(n) - 11*u(n). List the prime factors of j(3).
3, 191
Suppose 0 = s - 4*p - 19, 2*s + 27 + 0 = -5*p. Let v(j) = 21*j**2 + 7*j - 1. What are the prime factors of v(s)?
13
Suppose 3730*l + 5*j + 68745 = 3732*l, -35 = -5*j. What are the prime factors of l?
2, 5, 19, 181
Let q(l) = -25*l - 46. Let z(o) = -126*o - 229. Let x(j) = -11*q(j) + 2*z(j). Suppose 0 = -0*d - 14*d + 84. List the prime factors of x(d).
2, 3, 31
Let o(t) be the third derivative of -t**5/30 + 7*t**4/24 + 3*t**3/2 - 38*t**2. Let m be o(10). Let s = -48 - m. List the prime factors of s.
73
Suppose 3*t - 1016 = -3*t + 3490. What are the prime factors of t?
751
Let m(z) be the second derivative of -6*z**3 - z**2 + 6*z. Let p be m(1). What are the prime factors of (p - 2)/((-3)/6)?
2, 5
Suppose -5*n = 3*b - 59, -15*b - 38 = -5*n - 11*b. Suppose -1369 - 3051 = -n*u. What are the prime factors of u?
2, 13, 17
Let w = 35131 - 9023. List the prime factors of w.
2, 61, 107
Let y(v) = 2*v**2 + v + 36. Let m be y(-6). List the prime factors of (m/(-24))/((-4)/160).
2, 5, 17
Let n be (15/45)/(2/(-12)). Let o = n + 38. Suppose 5*f - 4 = o. What are the prime factors of f?
2
Let r = 33960 - 16775. What are the prime factors of r?
5, 7, 491
List the prime factors of (9436/35)/(8/100).
2, 5, 337
Let j be 7 - 4 - (-6 - -7). Suppose -1816 = -3*k + 4*x, 3*x = 3*k + j*x - 1831. List the prime factors of k.
2, 3, 17
Let r(q) = 92*q**2 + 24*q + 336. What are the prime factors of r(-11)?
2, 2801
Suppose -680 = -4*t + 6*x - 7*x, t = x + 160. What are the prime factors of t?
2, 3, 7
Let g(b) = b**2 + 11*b + 161. Let j be g(-19). Suppose -108 = -s + 108. Let c = j - s. List the prime factors of c.
97
Let o = -3456 - -1420. List the prime factors of (o/12)/(14/(-42)).
509
Let a = -45 - -47. Suppose -3*g + 395 = a*g + 5*l, -3*l = -g + 91. Suppose 2*z = 2*r - g, 2*r = -z - 0*z + 67. What are the prime factors of r?
2, 3
Let y = -904 - -946. Suppose 5*v - q = 3*v + 417, 4*v + 2*q - 822 = 0. Suppose 3*l - 3*d - v = 0, -2*d + 39 + y = l. List the prime factors of l.
73
Let d be ((-105)/10*10)/((-6)/8). Let m = d + -80. Suppose -495 = 55*g - m*g. List the prime factors of g.
3, 11
Let x = 168 - 243. Let q = 73 + x. Let h(o) = -54*o + 1. List the prime factors of h(q).
109
Let r(g) be the third derivative of -9*g**5/40 - 8*g**4/3 + 17*g**3/6 - 38*g**2. Let p(n) be the first derivative of r(n). What are the prime factors of p(-6)?
2, 7
Suppose 2*d - 33 = -3*i, i = 3*d - 89 + 34. Let p be (-4)/d*-1 - (-316)/36. Suppose 5*f - p*f = -64. List the prime factors of f.
2
Suppose -263347 = 39*h + 16*h - 1238717. What are the prime factors of h?
2, 8867
Suppose 234*b = 235*b - 474. Let m = b + -693. Let g = -34 - m. What are the prime factors of g?
5, 37
Let h be 7 - 1 - 1 - -2346. Suppose 5*i - h = -301. What are the prime factors of i?
2, 5, 41
Let f = 391 - 387. Suppose f*y = -3*g + 456, -5*y + 8*g = 6*g - 593. What are the prime factors of y?
3, 13
List the prime factors of (((-1762)/3)/1)/((-13132)/546 - -24).
13, 881
Let f = 159 + -156. Suppose 17*b - 22*b = -25, -f*c + 1750 = 5*b. What are the prime factors of c?
5, 23
Let v(s) = s + 24. Let o be v(-8). Let m be o/9 + 5/((-225)/(-10)). Suppose -16 - 547 = -5*y + m*d, 5*d = y - 108. List the prime factors of y.
113
Suppose -4*d = -0*d - 4*o - 8888, 0 = -4*d + 5*o + 8886. List the prime factors of d.
2, 139
Suppose -4*g + g + 4*r + 2231 = 0, -g + 757 = -4*r. What are the prime factors of g?
11, 67
Suppose 25*d - 665684 = -36*d - 101495. What are the prime factors of d?
3, 3083
Let f = 1703 + -4873. Let c = f + 4741. List the prime factors of c.
1571
Let h(k) be the first derivative of k**2/2 - 249*k + 12. Let p be h(0). Let i = p - -353. What are the prime factors of i?
2, 13
Suppose -7*b + 4*m = -2*b - 29295, 0 = -b + m + 5858. What are the prime factors of b?
11, 13, 41
Suppose 401559 + 347436 = 22*u - 167987. List the prime factors of u.
41681
Suppose 4 = -0*d + 2*d, -t - 2*d = -4. What are the prime factors of 0 + t + 8*174?
2, 3, 29
Let g = 43 - -6. Let t = g - 44. Suppose -110 = -2*k + 2*c - 18, t*k + c = 236. What are the prime factors of k?
47
Suppose -22*b - 1768 - 10002 = 0. Let y = -505 - b. List the prime factors of y.
2, 3, 5
Suppose 4*b - d - 8 = 2*b, -5*d = -2*b + 8. Suppose 3*h = -b*w + 9*w + 3143, h + 5*w = 1081. List the prime factors of h.
2, 3, 11
What are the prime factors of (-1*(49 - 2))/((-91)/12467)?
47, 137
Suppose 